
Convert -115 (base 7) to base 3.
-2021
-11 (base 3) to base 5
-4
Convert -21 (base 8) to base 2.
-10001
What is -3 (base 5) in base 12?
-3
10 (base 12) to base 2
1100
Convert -33 (base 12) to base 7.
-54
Convert 8 (base 9) to base 12.
8
What is 150 (base 10) in base 12?
106
What is 94 (base 15) in base 12?
b7
-2 (base 5) to base 9
-2
-5 (base 8) to base 13
-5
-63 (base 15) to base 12
-79
22001 (base 3) to base 11
188
What is -1 (base 8) in base 14?
-1
-40 (base 7) to base 4
-130
What is -111 (base 2) in base 15?
-7
4 (base 8) to base 4
10
What is -16 (base 8) in base 4?
-32
-7 (base 16) to base 4
-13
62 (base 9) to base 3
2002
What is 3 (base 14) in base 10?
3
Convert -33 (base 8) to base 9.
-30
14 (base 8) to base 12
10
Convert -41 (base 11) to base 5.
-140
What is 11 (base 6) in base 4?
13
45 (base 7) to base 12
29
What is -28 (base 12) in base 9?
-35
-21 (base 12) to base 14
-1b
Convert 51 (base 16) to base 13.
63
70 (base 14) to base 5
343
What is 4 (base 7) in base 14?
4
Convert -100 (base 2) to base 11.
-4
What is -3 (base 13) in base 6?
-3
What is -3 (base 6) in base 12?
-3
Convert -2 (base 5) to base 6.
-2
-7 (base 15) to base 14
-7
-3 (base 10) to base 12
-3
Convert 20 (base 7) to base 4.
32
What is -99 (base 16) in base 6?
-413
What is -7 (base 10) in base 14?
-7
Convert -39 (base 14) to base 5.
-201
Convert -dc (base 15) to base 10.
-207
Convert -60 (base 9) to base 2.
-110110
3 (base 4) to base 15
3
What is -4 (base 6) in base 2?
-100
What is 49 (base 16) in base 2?
1001001
What is -1303 (base 4) in base 5?
-430
Convert 43 (base 15) to base 8.
77
20 (base 11) to base 3
211
Convert -1 (base 8) to base 12.
-1
-34 (base 7) to base 13
-1c
What is 123 (base 4) in base 13?
21
1 (base 9) to base 12
1
Convert 4 (base 11) to base 14.
4
What is 13 (base 5) in base 7?
11
Convert 2210 (base 3) to base 16.
4b
0 (base 16) to base 7
0
Convert -2231 (base 4) to base 11.
-148
Convert 32 (base 11) to base 4.
203
What is 2 (base 5) in base 13?
2
What is 14 (base 12) in base 5?
31
9 (base 14) to base 2
1001
Convert -60 (base 9) to base 3.
-2000
What is 5 (base 11) in base 6?
5
111 (base 2) to base 4
13
Convert -91 (base 15) to base 5.
-1021
What is -123 (base 4) in base 8?
-33
1b (base 14) to base 8
31
-4 (base 6) to base 12
-4
Convert -10 (base 3) to base 11.
-3
What is -317 (base 8) in base 5?
-1312
What is -1011 (base 2) in base 15?
-b
What is -13 (base 9) in base 15?
-c
Convert 20 (base 5) to base 12.
a
What is 2 (base 14) in base 13?
2
-2202 (base 3) to base 12
-62
Convert -19 (base 14) to base 10.
-23
1000 (base 2) to base 8
10
What is -3 (base 13) in base 10?
-3
What is 26 (base 9) in base 10?
24
Convert 14 (base 13) to base 3.
122
Convert -344 (base 6) to base 11.
-114
Convert 23 (base 10) to base 2.
10111
What is -1 (base 10) in base 4?
-1
Convert -420 (base 7) to base 11.
-181
What is b (base 14) in base 9?
12
-3 (base 8) to base 7
-3
Convert 11 (base 3) to base 12.
4
Convert 2 (base 3) to base 5.
2
Convert -208 (base 9) to base 11.
-145
74 (base 9) to base 2
1000011
Convert 1c (base 14) to base 11.
24
-3 (base 7) to base 10
-3
What is 11 (base 2) in base 15?
3
What is 40 (base 8) in base 7?
44
Convert -23 (base 13) to base 9.
-32
Convert -11 (base 4) to base 13.
-5
Convert 1 (base 14) to base 4.
1
-177 (base 10) to base 11
-151
2 (base 3) to base 8
2
Convert a (base 12) to base 16.
a
What is -6 (base 14) in base 9?
-6
Convert 12 (base 5) to base 11.
7
What is -13 (base 10) in base 16?
-d
What is 521 (base 6) in base 7?
364
12 (base 9) to base 4
23
What is -10000 (base 2) in base 6?
-24
10 (base 2) to base 5
2
0 (base 10) to base 8
0
Convert 1 (base 11) to base 14.
1
Convert -12 (base 3) to base 16.
-5
What is 42 (base 16) in base 9?
73
Convert -11 (base 3) to base 13.
-4
What is 25 (base 8) in base 2?
10101
Convert 211 (base 3) to base 9.
24
Convert 33 (base 4) to base 10.
15
What is -11 (base 3) in base 4?
-10
What is -24 (base 9) in base 7?
-31
14 (base 7) to base 15
b
-57 (base 9) to base 15
-37
What is 54 (base 7) in base 8?
47
-544 (base 7) to base 15
-137
-11 (base 11) to base 5
-22
What is 3 (base 4) in base 7?
3
Convert 1 (base 15) to base 3.
1
Convert 10021 (base 3) to base 13.
6a
Convert 110 (base 10) to base 11.
a0
-23 (base 8) to base 9
-21
What is 6 (base 13) in base 3?
20
What is 100011 (base 2) in base 11?
32
What is -3 (base 6) in base 2?
-11
36 (base 7) to base 11
25
What is -39 (base 16) in base 8?
-71
-30 (base 5) to base 9
-16
What is 10 (base 5) in base 13?
5
What is 4 (base 10) in base 3?
11
-17 (base 15) to base 6
-34
What is -1010 (base 2) in base 8?
-12
What is 2 (base 13) in base 7?
2
115 (base 6) to base 4
233
What is -1 (base 11) in base 3?
-1
Convert 3 (base 16) to base 13.
3
What is -1d (base 15) in base 12?
-24
Convert -100 (base 2) to base 10.
-4
Convert 101 (base 3) to base 11.
a
-8 (base 11) to base 5
-13
-213 (base 6) to base 7
-144
-11 (base 8) to base 14
-9
Convert -5 (base 8) to base 16.
-5
200 (base 11) to base 8
362
Convert -20 (base 3) to base 12.
-6
Convert -1 (base 12) to base 10.
-1
11 (base 12) to base 9
14
Convert 12 (base 16) to base 2.
10010
Convert -5 (base 9) to base 10.
-5
What is -110 (base 2) in base 5?
-11
What is 3 (base 11) in base 15?
3
Convert 1 (base 10) to base 8.
1
Convert 110 (base 2) to base 3.
20
What is -24 (base 8) in base 6?
-32
What is 4 (base 12) in base 2?
100
What is -a4 (base 14) in base 6?
-400
What is -41 (base 9) in base 4?
-211
Convert 26 (base 7) to base 13.
17
Convert 1010 (base 2) to base 9.
11
3 (base 11) to base 10
3
10 (base 13) to base 6
21
Convert 2 (base 6) to base 9.
2
What is 110 (base 9) in base 12?
76
-1010 (base 2) to base 12
-a
-2 (base 8) to base 6
-2
What is -102 (base 6) in base 15?
-28
Convert 8 (base 11) to base 7.
11
Convert 1 (base 6) to base 16.
1
-72 (base 10) to base 3
-2200
What is -227 (base 8) in base 14?
-ab
-7 (base 10) to base 4
-13
31 (base 8) to base 12
21
Convert 110 (base 2) to base 9.
6
ab (base 15) to base 5
1121
Convert 200 (base 5) to base 4.
302
Convert -121 (base 5) to base 12.
-30
What is d (base 15) in base 11?
12
What is 24 (base 8) in base 13?
17
-17 (base 11) to base 10
-18
190 (base 15) to base 5
2420
What is -222 (base 3) in base 7?
-35
What is 1022 (base 3) in base 10?
35
54 (base 7) to base 16
27
Convert -101 (base 4) to base 10.
-17
-1000 (base 2) to base 5
-13
-2 (base 4) to base 3
-2
Convert -19 (base 16) to base 4.
-121
What is 10 (base 6) in base 12?
6
-33 (base 8) to base 13
-21
What is -bd (base 14) in base 16?
-a7
Convert 1434 (base 5) to base 9.
301
Convert -10010 (base 2) to base 11.
-17
0 (base 7) to base 14
0
What is 3b (base 16) in base 13?
47
What is -2 (base 8) in base 15?
-2
What is -6c (base 16) in base 6?
-300
14 (base 5) to base 7
12
1f (base 16) to base 9
34
Convert 1 (base 6) to base 8.
1
What is -6 (base 15) in base 4?
-12
2 (base 10) to base 5
2
-2 (base 16) to base 15
-2
What is 6 (base 14) in base 10?
6
144 (base 10) to base 4
2100
-3 (base 15) to base 8
-3
113 (base 6) to base 9
50
-4 (base 16) to base 6
-4
Convert 7b (base 15) to base 5.
431
-2 (base 6) to base 13
-2
Convert -50 (base 7) to base 15.
-25
5 (base 11) to base 12
5
Convert 2 (base 14) to base 11.
2
What is -1 (base 10) in base 8?
-1
-7d (base 16) to base 12
-a5
What is 5 (base 6) in base 7?
5
What is -6 (base 13) in base 14?
-6
Convert 133 (base 5) to base 12.
37
2 (base 4) to base 13
2
What is 36 (base 11) in base 8?
47
-11 (base 4) to base 3
-12
Convert 25 (base 13) to base 14.
23
-126 (base 10) to base 12
-a6
Convert 52 (base 7) to base 10.
37
What is -24 (base 10) in base 15?
-19
Convert 12 (base 5) to base 16.
7
2 (base 10) to base 5
2
Convert 4 (base 14) to base 10.
4
10 (base 2) to base 7
2
Convert -2001 (base 5) to base 9.
-308
Convert -3 (base 10) to base 2.
-11
Convert 133 (base 9) to base 4.
1233
Convert 2 (base 16) to base 15.
2
What is -2 (base 5) in base 15?
-2
-72 (base 14) to base 6
-244
-1 (base 14) to base 4
-1
What is 7 (base 15) in base 10?
7
Convert -10 (base 6) to base 13.
-6
What is -ad (base 15) in base 16?
-a3
43 (base 15) to base 5
223
3 (base 9) to base 3
10
-2 (base 8) to base 7
-2
What is -10 (base 4) in base 14?
-4
1 (base 14) to base 5
1
What is 2122 (base 3) in base 11?
65
-3 (base 15) to b